base 5, what is -2030123244 + 3?
-2030123241
In base 16, what is 446c - 2?
446a
In base 8, what is -725 + -255?
-1202
In base 8, what is -47 - -2605?
2536
In base 2, what is 10001111101111100001 + 0?
10001111101111100001
In base 7, what is 12 - -3154422?
3154434
In base 8, what is 4 + 47356?
47362
In base 7, what is -4 - -1044516?
1044512
In base 10, what is -404904 + 3?
-404901
In base 6, what is 13 - 130011?
-125554
In base 8, what is -200 - 670?
-1070
In base 12, what is -5 - -14058?
14053
In base 10, what is -4 - -29528?
29524
In base 12, what is 1b5 + 210?
405
In base 11, what is 17 + -754?
-738
In base 6, what is -1234214 - 1?
-1234215
In base 12, what is -3a06 + 12?
-39b4
In base 10, what is -7476 - 3?
-7479
In base 5, what is -4 - -14114443?
14114434
In base 12, what is -4 - -23859b?
238597
In base 12, what is 119b2 + 3?
119b5
In base 13, what is -b5 - 4121?
-4206
In base 7, what is -10332 - -2?
-10330
In base 12, what is 1ba5926 + 0?
1ba5926
In base 10, what is 903 + -55?
848
In base 2, what is 100110001 + -1110000111?
-1001010110
In base 16, what is 3 + -d8dd?
-d8da
In base 6, what is -21145530 + -3?
-21145533
In base 14, what is -6c + -54a?
-5b8
In base 8, what is -1042 - -6?
-1034
In base 8, what is -112 - -2313?
2201
In base 6, what is 3240 - 4?
3232
In base 3, what is 21200220222 - 1?
21200220221
In base 12, what is -316 - 739?
-a53
In base 11, what is 1246187 - 5?
1246182
In base 11, what is 107285 - 0?
107285
In base 3, what is -11 + 10001221012?
10001221001
In base 2, what is 101011111 - 10101011?
10110100
In base 6, what is 205 + 20?
225
In base 13, what is 243 - -27?
26a
In base 11, what is -16729a + 5?
-167295
In base 7, what is 0 - 12523?
-12523
In base 7, what is -22 + 1263?
1241
In base 6, what is 210405 + 223?
211032
In base 12, what is -22 - -a44b?
a429
In base 3, what is -11 + -102120100101?
-102120100112
In base 8, what is -45 - 1507?
-1554
In base 7, what is 56 + -4440?
-4351
In base 3, what is 211 + 22222000?
22222211
In base 10, what is 39 + 28548?
28587
In base 12, what is 102 - -4b1?
5b3
In base 9, what is -4411040 + 2?
-4411037
In base 9, what is -4481 - 170?
-4661
In base 9, what is -2 + 38338?
38336
In base 14, what is 261c4 + 2?
261c6
In base 4, what is 110313 + -22322?
21331
In base 11, what is 846 + -79?
778
In base 9, what is -1706 - 276?
-2083
In base 14, what is 6c3a - -9?
6c45
In base 4, what is -13 + -13022212?
-13022231
In base 11, what is 56 - -784?
82a
In base 7, what is -454 + -152?
-636
In base 12, what is 5 - -87144?
87149
In base 6, what is 2444 - 31554?
-25110
In base 7, what is -1 - 63151?
-63152
In base 7, what is -102355 - -5?
-102350
In base 5, what is 111 - 2243?
-2132
In base 14, what is -3d46 + 16?
-3d30
In base 6, what is 10130344 + 4?
10130352
In base 8, what is 3660 - -264?
4144
In base 15, what is -2de522 - 4?
-2de526
In base 14, what is -1a31 + -17?
-1a48
In base 4, what is 223202 + 100?
223302
In base 6, what is 2053214 + 23?
2053241
In base 5, what is 13 + 12431?
12444
In base 2, what is -1110001001 + -1011111010101?
-1101101011110
In base 7, what is 122635 + 55?
123023
In base 6, what is 15 + -103504?
-103445
In base 9, what is -1166 + 20?
-1146
In base 9, what is -344 + -2154?
-2508
In base 2, what is 110011000110 - -10111?
110011011101
In base 14, what is -4 - 71?
-75
In base 10, what is -7 - -11274?
11267
In base 6, what is 5 - 51522120?
-51522111
In base 6, what is 33 - 42155?
-42122
In base 13, what is 446 + 13?
459
In base 13, what is 3b6 + 52?
438
In base 16, what is -21fe - 2?
-2200
In base 9, what is 4 + 203583?
203587
In base 7, what is 52420 - -15?
52435
In base 12, what is -219 + -2132?
-234b
In base 6, what is -512040133 + -2?
-512040135
In base 8, what is -1550 + -20?
-1570
In base 2, what is 1110000001 + -1001?
1101111000
In base 15, what is 4d28 - -1?
4d29
In base 5, what is 3030 + 2404?
10434
In base 5, what is -10 - -11022214?
11022204
In base 10, what is -283 - 1139?
-1422
In base 4, what is 13211200 - 32?
13211102
In base 8, what is -4 - 1247410?
-1247414
In base 4, what is -1222 + 32030?
30202
In base 13, what is 661 - -719?
107a
In base 7, what is -1 + -26342?
-26343
In base 10, what is -2 - -5209?
5207
In base 5, what is 24 - -34323?
34402
In base 4, what is -22 + 3133?
3111
In base 7, what is 566 + -22002?
-21103
In base 2, what is -11 - 11101111101000011011?
-11101111101000011110
In base 12, what is -4 + -2226a?
-22272
In base 11, what is -1 - 2598aa?
-259900
In base 11, what is a610 - 3?
a608
In base 13, what is 0 - -8676?
8676
In base 12, what is -4 + 6297a?
62976
In base 2, what is -100 + -110001010101001?
-110001010101101
In base 11, what is 203489 - 0?
203489
In base 4, what is -101 - -122312?
122211
In base 15, what is -3152 + -d?
-3160
In base 8, what is -3541 - -156?
-3363
In base 16, what is -4 + 5068?
5064
In base 7, what is 214015 - -2?
214020
In base 3, what is 1021 - 10222210?
-10221112
In base 10, what is -3918 + -68?
-3986
In base 12, what is -4706 + -4?
-470a
In base 6, what is -1 + -55012?
-55013
In base 6, what is 5 + -310511?
-310502
In base 15, what is -16 + 10bd9?
10bc3
In base 14, what is 3d05a - 0?
3d05a
In base 2, what is 101110011000 + 110110?
101111001110
In base 9, what is -4 - -22076?
22072
In base 9, what is -1075 + 31?
-1044
In base 9, what is 260881 - -3?
260884
In base 9, what is -1047 + -5812?
-6860
In base 10, what is 67 + 1239?
1306
In base 8, what is 25 - 44240?
-44213
In base 14, what is -2ba + 157?
-163
In base 3, what is -10210 + -12022?
-100002
In base 13, what is -3 + 8c8c?
8c89
In base 3, what is 21200011 + -120?
21122121
In base 4, what is -1321 - -10012?
2031
In base 3, what is -1 - -1020001110210?
1020001110202
In base 6, what is -4 - -2044240?
2044232
In base 12, what is 0 - 1b3a6?
-1b3a6
In base 9, what is -4384 - 83?
-4477
In base 13, what is -2c + a6?
77
In base 15, what is -6d28 - 0?
-6d28
In base 5, what is -302 + 32404?
32102
In base 3, what is 0 - 200202021?
-200202021
In base 12, what is -500 + 1372?
a72
In base 7, what is 13 - 144432?
-144416
In base 4, what is 31 - 32313?
-32222
In base 13, what is -60940 + -a?
-6094a
In base 16, what is -17c6d - -6?
-17c67
In base 3, what is 102 + -212010001?
-212002122
In base 4, what is 10 - 1031122012?
-1031122002
In base 15, what is 4 + 2510c?
25111
In base 10, what is -10 + -13517?
-13527
In base 3, what is -1101011020 + 1102?
-1101002211
In base 2, what is 100 + 101010001011?
101010001111
In base 2, what is 11100011 + 10000111100?
10100011111
In base 6, what is -5 + 14031?
14022
In base 3, what is -1111212021222 + 10?
-1111212021212
In base 6, what is -23 - -1551013?
1550550
In base 14, what is -1a3 + -87b?
-a40
In base 8, what is -42362 + 73?
-42267
In base 11, what is -4058937 + 0?
-4058937
In base 13, what is -2 + 28a5a6?
28a5a4
In base 7, what is 3 + -4602?
-4566
In base 7, what is -104450 - 1?
-104451
In base 5, what is 2134 - 221?
1413
In base 4, what is 3112121 + 2?
3112123
In base 5, what is 4 + -40143003?
-40142444
In base 6, what is -3 - -3153400?
3153353
In base 2, what is 101000111100 - -1000001010?
110001000110
In base 16, what is -176 + -11a?
-290
In base 6, what is -113432 + 55?
-113333
In base 10, what is 55582 - -6?
55588
In base 8, what is -6 + 25061?
25053
In base 10, what is -228907 - 4?
-228911
In base 14, what is -2 + -1d43d?
-1d441
In base 14, what is 433 + 4?
437
In base 6, what is 12231 - 201?
12030
In base 15, what is 1662 - -e?
1671
In base 15, what is -17612 - 3?
-17615
In base 8, what is 466540 + 2?
466542
In base 11, what is -a - 70028?
-70037
In base 2, what is -11011010011000110 + 0?
-11011010011000110
In base 3, what is -1010101100 + -2?
-1010101102
In base 9, what is 2 - 515521?
-515518
In base 8, what is -5 + -13530?
-13535
In base 16, what is 4 - 131b0?
-131ac
In base 15, what is -7113 + 39?
-70c9
In base 11, what is 140 - -12?
152
In base 6, what is 2105305 + -1?
2105304
In base 4, what is 11 + 13331002?
13331013
In base 16, what is -27718 - 1?
-27719
In base 15, what is -2 + -40c57?
-40c59
In base 15, what is -5 + 2948?
2943
In base 11, what is 10941a + 5?
109424
In base 16, what is 7b25a + -5?
7b255
In base 16, what is 4 - -de74?
de78
In base 3, what is -222 + 200001110?
200000111
In base 9, what is -5 + -1407178?
-